me factors of 239216269?
173, 1382753
List the prime factors of 31356413.
11, 2850583
List the prime factors of 80266869.
3, 233, 4253
What are the prime factors of 355616939?
19, 997, 18773
What are the prime factors of 75798348?
2, 3, 31, 37, 5507
List the prime factors of 137098525.
5, 307, 17863
What are the prime factors of 170425325?
5, 7, 911, 1069
What are the prime factors of 25841191?
131, 197261
List the prime factors of 62942861.
62942861
What are the prime factors of 4339557?
3, 47, 10259
List the prime factors of 594004193.
43, 103, 3119
What are the prime factors of 658260350?
2, 5, 11, 1196837
What are the prime factors of 33510366?
2, 3, 17, 41, 2671
List the prime factors of 907865061.
3, 10007, 30241
What are the prime factors of 30667417?
11, 2787947
List the prime factors of 47668503.
3, 103, 154267
What are the prime factors of 826091416?
2, 263, 392629
What are the prime factors of 497396185?
5, 11, 13, 695659
List the prime factors of 293849425.
5, 127, 92551
List the prime factors of 45919613.
653, 70321
List the prime factors of 1786729690.
2, 5, 2971, 60139
What are the prime factors of 36549899?
31, 263, 4483
List the prime factors of 7339622427.
3, 79, 10322957
List the prime factors of 3216846956.
2, 61, 2729, 4831
What are the prime factors of 282873986?
2, 141436993
What are the prime factors of 1591075317?
3, 13, 53, 769751
What are the prime factors of 1017271312?
2, 983, 64679
What are the prime factors of 283023262?
2, 141511631
List the prime factors of 68992424.
2, 2441, 3533
What are the prime factors of 1399282794?
2, 3, 7, 13, 854263
What are the prime factors of 889113648?
2, 3, 409, 45289
What are the prime factors of 1585692965?
5, 1861, 170413
List the prime factors of 2484984794.
2, 1242492397
List the prime factors of 2293132604.
2, 7, 359, 228127
What are the prime factors of 66102866?
2, 2251, 14683
What are the prime factors of 323523278?
2, 13, 47, 264749
What are the prime factors of 2072018951?
19, 31, 1783, 1973
What are the prime factors of 4022111177?
7, 23, 367, 68071
What are the prime factors of 36740156?
2, 9185039
List the prime factors of 182638032.
2, 3, 19, 23, 8707
List the prime factors of 4894873317.
3, 23, 23646731
List the prime factors of 108360865.
5, 953, 22741
What are the prime factors of 8973691?
8973691
What are the prime factors of 2963447588?
2, 61, 12145277
What are the prime factors of 70834012?
2, 1483, 11941
List the prime factors of 5743412.
2, 1435853
List the prime factors of 295126752.
2, 3, 83, 37039
List the prime factors of 1887703947.
3, 2589443
What are the prime factors of 42103424?
2, 11, 17, 1759
What are the prime factors of 1612417272?
2, 3, 89, 754877
List the prime factors of 1045009590.
2, 3, 5, 34833653
List the prime factors of 48037861.
67, 103, 6961
What are the prime factors of 24306983?
24306983
What are the prime factors of 7352291?
107, 68713
What are the prime factors of 807583989?
3, 43, 163, 193, 199
What are the prime factors of 169670120?
2, 5, 71, 59743
List the prime factors of 435869423.
11, 39624493
List the prime factors of 979594807.
29803, 32869
What are the prime factors of 971884718?
2, 7, 9917191
What are the prime factors of 47548694?
2, 17, 67, 20873
What are the prime factors of 13204246?
2, 11, 54563
List the prime factors of 1528409659.
7, 218344237
List the prime factors of 793733865.
3, 5, 52915591
List the prime factors of 302946557.
29, 61, 171253
List the prime factors of 124246212.
2, 3, 59, 113, 1553
List the prime factors of 49566277.
49566277
List the prime factors of 167932467.
3, 59, 271, 389
List the prime factors of 147008945.
5, 17, 1729517
List the prime factors of 3273893056.
2, 7, 29, 35999
List the prime factors of 400890905.
5, 647, 123923
What are the prime factors of 90040310?
2, 5, 9004031
List the prime factors of 59840490.
2, 3, 5, 1151, 1733
List the prime factors of 89706571.
89, 1007939
What are the prime factors of 17440219?
17440219
What are the prime factors of 123827102?
2, 7, 953, 9281
List the prime factors of 291839174.
2, 11, 1205947
List the prime factors of 284926243.
7, 40703749
List the prime factors of 239863954.
2, 11, 163, 66889
What are the prime factors of 108793188?
2, 3, 7, 353, 1223
List the prime factors of 50332728.
2, 3, 37, 56681
List the prime factors of 60712512.
2, 3, 7, 199, 227
What are the prime factors of 1020516319?
1020516319
What are the prime factors of 12940474?
2, 389, 16633
List the prime factors of 40229975.
5, 1609199
List the prime factors of 236589035.
5, 433, 109279
List the prime factors of 689162989.
29, 23764241
What are the prime factors of 5893545144?
2, 3, 83, 2958607
What are the prime factors of 1268297199?
3, 13, 10840147
What are the prime factors of 95931195?
3, 5, 37, 172849
List the prime factors of 2660205745.
5, 532041149
What are the prime factors of 1682070026?
2, 7, 13, 9242143
What are the prime factors of 900824616?
2, 3, 12511453
What are the prime factors of 405646636?
2, 127, 798517
List the prime factors of 199188827.
641, 310747
List the prime factors of 66423850.
2, 5, 1328477
What are the prime factors of 66372717?
3, 71, 311609
What are the prime factors of 132296969?
7, 557, 33931
List the prime factors of 329699588.
2, 367, 224591
List the prime factors of 1877840024.
2, 3851, 60953
List the prime factors of 39321675.
3, 5, 174763
What are the prime factors of 49972907?
19, 2630153
List the prime factors of 119336497.
7, 17048071
List the prime factors of 3749590.
2, 5, 13, 28843
What are the prime factors of 72392040?
2, 3, 5, 7, 23, 1249
List the prime factors of 41354820.
2, 3, 5, 13, 43, 137
List the prime factors of 1389228090.
2, 3, 5, 43, 1076921
List the prime factors of 132585491.
1409, 94099
List the prime factors of 3325075677.
3, 7, 11, 19, 47, 199
What are the prime factors of 157221162?
2, 3, 7, 19, 7297
List the prime factors of 4970972901.
3, 881, 1880807
List the prime factors of 3675782099.
11, 23, 14528783
What are the prime factors of 1804523416?
2, 89, 2534443
List the prime factors of 387782308.
2, 17, 83, 127, 541
What are the prime factors of 215108395?
5, 17, 59, 727
List the prime factors of 112781985.
3, 5, 61, 123259
What are the prime factors of 13948376?
2, 13, 71, 1889
List the prime factors of 125304698.
2, 62652349
What are the prime factors of 3836630735?
5, 7, 719, 152459
List the prime factors of 229435809.
3, 76478603
List the prime factors of 2622240576.
2, 3, 97, 46933
List the prime factors of 8481877467.
3, 7, 269, 1501483
List the prime factors of 328167268.
2, 11, 13, 573719
List the prime factors of 1868994382.
2, 17, 5441, 10103
What are the prime factors of 276519322?
2, 138259661
What are the prime factors of 256606277?
256606277
What are the prime factors of 7233528504?
2, 3, 67, 4498463
List the prime factors of 412646776.
2, 51580847
List the prime factors of 11968818.
2, 3, 353, 5651
What are the prime factors of 134291035?
5, 26858207
What are the prime factors of 182903506?
2, 37, 2471669
What are the prime factors of 301288288?
2, 7, 1345037
List the prime factors of 88702027.
88702027
List the prime factors of 1383300153.
3, 43, 157, 7589
List the prime factors of 1879976018.
2, 359, 433, 6047
What are the prime factors of 145156908?
2, 3, 13, 131, 7103
What are the prime factors of 255625626?
2, 3, 43, 990797
List the prime factors of 22919844.
2, 3, 1909987
What are the prime factors of 307498893?
3, 13, 41, 192307
List the prime factors of 19191570.
2, 3, 5, 639719
What are the prime factors of 1143907592?
2, 3169, 45121
What are the prime factors of 34507648?
2, 7, 19, 2027
List the prime factors of 43178377.
11, 3925307
What are the prime factors of 13106403?
3, 1456267
List the prime factors of 94468930.
2, 5, 9446893
What are the prime factors of 2063506846?
2, 1031753423
What are the prime factors of 59812282?
2, 23, 137, 9491
What are the prime factors of 619812802?
2, 7, 44272343
List the prime factors of 53245007.
53245007
List the prime factors of 462869725.
5, 29, 167, 3823
List the prime factors of 58957011.
3, 2183593
What are the prime factors of 5435300847?
3, 35107, 51607
What are the prime factors of 18216825?
3, 5, 11, 71, 311
List the prime 